Dec 02 09:58:00.304 INFO testing 17cupsofcoffee/ein against master#8940af3cea4a9a9deabcaf843b2f8cad9a83fc61 for beta-1.31-5
Dec 02 09:58:00.304 INFO running `"docker" "create" "-v" "/mnt/big/crater/work/local/target-dirs/beta-1.31-5/worker-2/master#8940af3cea4a9a9deabcaf843b2f8cad9a83fc61:/target:rw,Z" "-v" "/mnt/big/crater/work/local/test-source/worker-2/beta-1.31-5/master#8940af3cea4a9a9deabcaf843b2f8cad9a83fc61:/source:ro,Z" "-v" "/mnt/big/crater/work/local/cargo-home:/cargo-home:ro,Z" "-v" "/mnt/big/crater/work/local/rustup-home:/rustup-home:ro,Z" "-e" "USER_ID=1000" "-e" "SOURCE_DIR=/source" "-e" "USER_ID=1000" "-e" "CMD=cargo +8940af3cea4a9a9deabcaf843b2f8cad9a83fc61-alt build --frozen" "-e" "CARGO_TARGET_DIR=/target" "-e" "CARGO_INCREMENTAL=0" "-e" "RUST_BACKTRACE=full" "-e" "RUSTFLAGS=--cap-lints=warn" "-e" "CARGO_HOME=/cargo-home" "-e" "RUSTUP_HOME=/rustup-home" "-m" "1536M" "--network" "none" "crater"`
Dec 02 09:58:00.708 INFO [stdout] 532c80f7f572d85f2a434e4f36b464258ab9b784ba2504a86c5c86dbfcaba7e5
Dec 02 09:58:00.710 INFO running `"docker" "start" "-a" "532c80f7f572d85f2a434e4f36b464258ab9b784ba2504a86c5c86dbfcaba7e5"`
Dec 02 09:58:01.576 INFO [stderr] usermod: no changes
Dec 02 09:58:01.856 INFO [stderr]    Compiling lalrpop-util v0.15.2
Dec 02 09:58:01.856 INFO [stderr]    Compiling ena v0.5.0
Dec 02 09:58:01.883 INFO [stderr]    Compiling petgraph v0.4.12
Dec 02 09:58:01.883 INFO [stderr]    Compiling phf_generator v0.7.22
Dec 02 09:58:01.883 INFO [stderr]    Compiling rustyline v1.0.0
Dec 02 09:58:01.883 INFO [stderr]    Compiling atty v0.1.2
Dec 02 09:58:01.883 INFO [stderr]    Compiling digest v0.7.5
Dec 02 09:58:01.883 INFO [stderr]    Compiling regex v0.2.11
Dec 02 09:58:04.715 INFO [stderr]    Compiling sha2 v0.7.1
Dec 02 09:58:05.371 INFO [stderr]    Compiling string_cache_codegen v0.4.1
Dec 02 09:58:12.471 INFO [stderr] error[E0034]: multiple applicable items in scope
Dec 02 09:58:12.471 INFO [stderr]     --> /cargo-home/registry/src/github.com-1ecc6299db9ec823/petgraph-0.4.12/src/graph_impl/stable_graph/mod.rs:1171:19
Dec 02 09:58:12.471 INFO [stderr]      |
Dec 02 09:58:12.471 INFO [stderr] 1171 |         self.iter.find_map(|(i, node)| {
Dec 02 09:58:12.471 INFO [stderr]      |                   ^^^^^^^^ multiple `find_map` found
Dec 02 09:58:12.471 INFO [stderr]      |
Dec 02 09:58:12.475 INFO [stderr] note: candidate #1 is defined in an impl of the trait `iter_utils::IterUtilsExt` for the type `_`
Dec 02 09:58:12.475 INFO [stderr]     --> /cargo-home/registry/src/github.com-1ecc6299db9ec823/petgraph-0.4.12/src/iter_utils.rs:5:5
Dec 02 09:58:12.475 INFO [stderr]      |
Dec 02 09:58:12.475 INFO [stderr] 5    | /     fn find_map<F, R>(&mut self, mut f: F) -> Option<R>
Dec 02 09:58:12.475 INFO [stderr] 6    | |         where F: FnMut(Self::Item) -> Option<R>
Dec 02 09:58:12.475 INFO [stderr] 7    | |     {
Dec 02 09:58:12.475 INFO [stderr] 8    | |         while let Some(elt) = self.next() {
Dec 02 09:58:12.475 INFO [stderr] ...    |
Dec 02 09:58:12.475 INFO [stderr] 13   | |         None
Dec 02 09:58:12.475 INFO [stderr] 14   | |     }
Dec 02 09:58:12.475 INFO [stderr]      | |_____^
Dec 02 09:58:12.475 INFO [stderr]      = note: candidate #2 is defined in an impl of the trait `std::iter::Iterator` for the type `std::iter::Enumerate<_>`
Dec 02 09:58:12.476 INFO [stderr] 
Dec 02 09:58:12.522 INFO [stderr] error[E0034]: multiple applicable items in scope
Dec 02 09:58:12.522 INFO [stderr]     --> /cargo-home/registry/src/github.com-1ecc6299db9ec823/petgraph-0.4.12/src/graph_impl/stable_graph/mod.rs:1363:19
Dec 02 09:58:12.522 INFO [stderr]      |
Dec 02 09:58:12.522 INFO [stderr] 1363 |         self.iter.find_map(|(i, edge)|
Dec 02 09:58:12.522 INFO [stderr]      |                   ^^^^^^^^ multiple `find_map` found
Dec 02 09:58:12.527 INFO [stderr]      |
Dec 02 09:58:12.527 INFO [stderr] note: candidate #1 is defined in an impl of the trait `iter_utils::IterUtilsExt` for the type `_`
Dec 02 09:58:12.527 INFO [stderr]     --> /cargo-home/registry/src/github.com-1ecc6299db9ec823/petgraph-0.4.12/src/iter_utils.rs:5:5
Dec 02 09:58:12.527 INFO [stderr]      |
Dec 02 09:58:12.527 INFO [stderr] 5    | /     fn find_map<F, R>(&mut self, mut f: F) -> Option<R>
Dec 02 09:58:12.527 INFO [stderr] 6    | |         where F: FnMut(Self::Item) -> Option<R>
Dec 02 09:58:12.527 INFO [stderr] 7    | |     {
Dec 02 09:58:12.527 INFO [stderr] 8    | |         while let Some(elt) = self.next() {
Dec 02 09:58:12.527 INFO [stderr] ...    |
Dec 02 09:58:12.527 INFO [stderr] 13   | |         None
Dec 02 09:58:12.527 INFO [stderr] 14   | |     }
Dec 02 09:58:12.527 INFO [stderr]      | |_____^
Dec 02 09:58:12.527 INFO [stderr]      = note: candidate #2 is defined in an impl of the trait `std::iter::Iterator` for the type `std::iter::Enumerate<_>`
Dec 02 09:58:12.527 INFO [stderr] 
Dec 02 09:58:12.553 INFO [stderr] error[E0034]: multiple applicable items in scope
Dec 02 09:58:12.553 INFO [stderr]     --> /cargo-home/registry/src/github.com-1ecc6299db9ec823/petgraph-0.4.12/src/graph_impl/stable_graph/mod.rs:1527:19
Dec 02 09:58:12.553 INFO [stderr]      |
Dec 02 09:58:12.553 INFO [stderr] 1527 |         self.iter.find_map(|(i, node)| {
Dec 02 09:58:12.553 INFO [stderr]      |                   ^^^^^^^^ multiple `find_map` found
Dec 02 09:58:12.553 INFO [stderr]      |
Dec 02 09:58:12.553 INFO [stderr] note: candidate #1 is defined in an impl of the trait `iter_utils::IterUtilsExt` for the type `_`
Dec 02 09:58:12.553 INFO [stderr]     --> /cargo-home/registry/src/github.com-1ecc6299db9ec823/petgraph-0.4.12/src/iter_utils.rs:5:5
Dec 02 09:58:12.553 INFO [stderr]      |
Dec 02 09:58:12.553 INFO [stderr] 5    | /     fn find_map<F, R>(&mut self, mut f: F) -> Option<R>
Dec 02 09:58:12.554 INFO [stderr] 6    | |         where F: FnMut(Self::Item) -> Option<R>
Dec 02 09:58:12.554 INFO [stderr] 7    | |     {
Dec 02 09:58:12.554 INFO [stderr] 8    | |         while let Some(elt) = self.next() {
Dec 02 09:58:12.554 INFO [stderr] ...    |
Dec 02 09:58:12.554 INFO [stderr] 13   | |         None
Dec 02 09:58:12.554 INFO [stderr] 14   | |     }
Dec 02 09:58:12.554 INFO [stderr]      | |_____^
Dec 02 09:58:12.554 INFO [stderr]      = note: candidate #2 is defined in an impl of the trait `std::iter::Iterator` for the type `std::iter::Enumerate<_>`
Dec 02 09:58:12.555 INFO [stderr] 
Dec 02 09:58:12.571 INFO [stderr] error[E0034]: multiple applicable items in scope
Dec 02 09:58:12.572 INFO [stderr]     --> /cargo-home/registry/src/github.com-1ecc6299db9ec823/petgraph-0.4.12/src/graph_impl/stable_graph/mod.rs:1573:19
Dec 02 09:58:12.572 INFO [stderr]      |
Dec 02 09:58:12.572 INFO [stderr] 1573 |         self.iter.find_map(|(i, node)| {
Dec 02 09:58:12.572 INFO [stderr]      |                   ^^^^^^^^ multiple `find_map` found
Dec 02 09:58:12.572 INFO [stderr]      |
Dec 02 09:58:12.572 INFO [stderr] note: candidate #1 is defined in an impl of the trait `iter_utils::IterUtilsExt` for the type `_`
Dec 02 09:58:12.572 INFO [stderr]     --> /cargo-home/registry/src/github.com-1ecc6299db9ec823/petgraph-0.4.12/src/iter_utils.rs:5:5
Dec 02 09:58:12.572 INFO [stderr]      |
Dec 02 09:58:12.572 INFO [stderr] 5    | /     fn find_map<F, R>(&mut self, mut f: F) -> Option<R>
Dec 02 09:58:12.572 INFO [stderr] 6    | |         where F: FnMut(Self::Item) -> Option<R>
Dec 02 09:58:12.572 INFO [stderr] 7    | |     {
Dec 02 09:58:12.572 INFO [stderr] 8    | |         while let Some(elt) = self.next() {
Dec 02 09:58:12.572 INFO [stderr] ...    |
Dec 02 09:58:12.572 INFO [stderr] 13   | |         None
Dec 02 09:58:12.572 INFO [stderr] 14   | |     }
Dec 02 09:58:12.572 INFO [stderr]      | |_____^
Dec 02 09:58:12.572 INFO [stderr]      = note: candidate #2 is defined in an impl of the trait `std::iter::Iterator` for the type `std::iter::Enumerate<_>`
Dec 02 09:58:12.572 INFO [stderr] 
Dec 02 09:58:13.523 INFO [stderr] error: aborting due to 4 previous errors
Dec 02 09:58:13.523 INFO [stderr] 
Dec 02 09:58:13.523 INFO [stderr] For more information about this error, try `rustc --explain E0034`.
Dec 02 09:58:13.551 INFO [stderr] error: Could not compile `petgraph`.
Dec 02 09:58:13.551 INFO [stderr] warning: build failed, waiting for other jobs to finish...
Dec 02 09:58:24.964 INFO [stderr] error: build failed
Dec 02 09:58:24.966 INFO [stderr] su: No module specific data is present
Dec 02 09:58:26.439 INFO running `"docker" "inspect" "532c80f7f572d85f2a434e4f36b464258ab9b784ba2504a86c5c86dbfcaba7e5"`
Dec 02 09:58:26.815 INFO running `"docker" "rm" "-f" "532c80f7f572d85f2a434e4f36b464258ab9b784ba2504a86c5c86dbfcaba7e5"`
Dec 02 09:58:27.203 INFO [stdout] 532c80f7f572d85f2a434e4f36b464258ab9b784ba2504a86c5c86dbfcaba7e5
